{"id":209,"date":"2023-09-01T12:17:53","date_gmt":"2023-09-01T10:17:53","guid":{"rendered":"https:\/\/www.schlossnotdienst-hamburg.de\/schluesseldienst-grindel\/?page_id=209"},"modified":"2023-09-01T12:32:56","modified_gmt":"2023-09-01T10:32:56","slug":"schluesseldienst-seevetal-meckelfeld","status":"publish","type":"page","link":"https:\/\/www.schlossnotdienst-hamburg.de\/schluesseldienst-grindel\/schluesseldienst-seevetal-meckelfeld\/","title":{"rendered":"Schl\u00fcsseldienst Seevetal Meckelfeld"},"content":{"rendered":"<h1>Schl\u00fcsseldienst in Seevetal Meckelfeld<\/h1>\n<h3>Schlossnotdienst und Schl\u00fcsseldienst in Seevetal Meckelfeld.<\/h3>\n<div class=\"csmm\">\n<div class=\"zweispalten\">Ihr Schl\u00fcssel ist abgebrochen oder verloren gegangen?<br \/>\nVielleicht ist Ihre Wohnungst\u00fcr ist zugefallen oder Ihr Schloss kaputt?<br \/>\nSchl\u00fcsseldienst Grindel ist in nur wenigen Minuten bei Ihnen in Seevetal Meckelfeld!<br \/>\n24 Stunden sind wir f\u00fcr Sie im Gro\u00dfraum Seevetal Meckelfeld und nat\u00fcrlich auch in Seevetal Meckelfeld da.<br \/>\nIhr Schl\u00fcsselnotdienst Grindel hilft Ihnen wenns mal kritisch wird und das zu absolut fairen Preisen.<\/p>\n<h2>T\u00e4glich 24h telefonisch erreichbar!<\/h2>\n<p><strong>Wir lassen Sie nicht im Stich!<br \/>\nRufen Sie uns jetzt kostenfrei an:<br \/>\n<a href=\"tel:+4940447985\"><font size=\"+4\">040 &#8211; 44 79 85<\/font><\/a><\/strong> <\/p>\n<\/div>\n<div class=\"zweispaltenr\"><img decoding=\"async\" src=\"https:\/\/www.schlossnotdienst-hamburg.de\/schluesseldienst-grindel\/wp-content\/uploads\/glasdienstGrindelHamburg.jpg\" alt=\"Schl\u00fcsselnotdienst Seevetal Meckelfeld Seevetal Meckelfeld\" \/><\/div>\n<\/div>\n<h3>Unser Schl\u00fcsselnotdienst f\u00fcr Seevetal Meckelfeld bietet Ihnen faire Preise.<\/h3>\n<p>Wir sind ein seri\u00f6ser und innovativer Schl\u00fcsseldienst und Glasnotdienst.<br \/>\nEbenso bieten wir Ihnen einen 24 Stunden-Service, die Erstellung von Nachschl\u00fcssel und Entfernung abgebrochener Schl\u00fcssel.<br \/>\nWeiterhin sind wir f\u00fcr Gleichschliessungen, Garagentor\u00f6ffnungen und Briefkastenanlagen f\u00fcr Sie in Seevetal Meckelfeld Ihr Ansprechpartner.<\/p>\n<div class=\"csmm\">\n<div class=\"zweispalten\">Unser Schl\u00fcsseldienst in Seevetal Meckelfeld \u00f6ffnet auch Zimmert\u00fcren. Ebenfalls der Verlust eines Kellerschl\u00fcssels kommt h\u00e4ufig vor, aber auch Zimmerschl\u00fcssel k\u00f6nnen verloren gehen. Ferner \u00f6ffnen wir auch T\u00fcren von Wohnwagen, wenn der Eigent\u00fcmer seinen Schl\u00fcssel verloren hat.<\/p>\n<p><img decoding=\"async\" src=\"https:\/\/www.schlossnotdienst-hamburg.de\/schluesseldienst-grindel\/wp-content\/uploads\/Beschlagsysteme.jpg\" alt=\"Schl\u00fcsseldienst Seevetal Meckelfeld\" \/>\n<\/div>\n<div class=\"zweispaltenr\">Au\u00dfer bei verlorenen Schl\u00fcsseln oder zugefallenen T\u00fcren, hilft der Schl\u00fcsselnotdienst Seevetal Meckelfeld auch, wenn ein Schl\u00fcssel im Schloss abbricht. Dar\u00fcber hinaus besteht die Leistung nicht nur aus dem \u00d6ffnen von T\u00fcren. In Seevetal Meckelfeld und Umgebung, sondern entfernt der Schl\u00fcsseldienstmitarbeiter auf Wunsch des Kunden den abgebrochenen Schl\u00fcssel aus dem Schloss. Auch die Anfertigung von Ersatzschl\u00fcsseln geh\u00f6rt zu den Aufgaben unseres Schl\u00fcsseldienstes. Nebenbei k\u00f6nnen Ersatzschl\u00fcssel in vielen F\u00e4llen in Seevetal Meckelfeld direkt vor Ort erfolgen.<\/p>\n<h3>Zu unseren weiteren Dienstleistungen z\u00e4hlt der Glasnotdienst!<\/h3>\n<p>Unser Glasnotdienst in Seevetal Meckelfeld steht Ihnen rund um das Thema Glas mit Rat und Tat zur Seite. Wir bieten Ihnen jahrelange Erfahrung als Glasnotdienst in Seevetal Meckelfeld und Umgebung. Auch bei individuellen W\u00fcnschen und Glaskonzepten sind wir Ihnen gerne behilflich. Rufen Sie uns einfach unter folgender Telefonnummer an: 040 \u2013 44 79 85<\/p>\n<p>Sie m\u00f6chten mehr erfahren? Dann besuchen Sie doch unsere <a href=\"https:\/\/www.schlossnotdienst-hamburg.de\/glasdienst-grindel\/\">Glasnotdienst-Webseite www.glasdienst-grindel.de<\/a>.\n<\/div>\n<\/div>\n","protected":false},"excerpt":{"rendered":"<p>Schl\u00fcsseldienst in Seevetal Meckelfeld Schlossnotdienst und Schl\u00fcsseldienst in Seevetal Meckelfeld. Ihr Schl\u00fcssel ist abgebrochen oder verloren gegangen? Vielleicht ist Ihre Wohnungst\u00fcr ist zugefallen oder Ihr Schloss kaputt? Schl\u00fcsseldienst Grindel ist in nur wenigen Minuten bei Ihnen in Seevetal Meckelfeld! 24 Stunden sind wir f\u00fcr Sie im Gro\u00dfraum Seevetal Meckelfeld und nat\u00fcrlich auch in Seevetal Meckelfeld &hellip; <a href=\"https:\/\/www.schlossnotdienst-hamburg.de\/schluesseldienst-grindel\/schluesseldienst-seevetal-meckelfeld\/\" class=\"more-link\"><span class=\"screen-reader-text\">\u201eSchl\u00fcsseldienst Seevetal Meckelfeld\u201c<\/span> weiterlesen<\/a><\/p>\n","protected":false},"author":1,"featured_media":0,"parent":0,"menu_order":91,"comment_status":"closed","ping_status":"closed","template":"","meta":{"footnotes":""},"class_list":["post-209","page","type-page","status-publish","hentry"],"yoast_head":"<!-- This site is optimized with the Yoast SEO plugin v25.5 - https:\/\/yoast.com\/wordpress\/plugins\/seo\/ -->\n<title>Schl\u00fcsseldienst Seevetal Meckelfeld \u2705 Schl\u00fcsselnotdienst<\/title>\n<meta name=\"description\" content=\"Schl\u00fcsseldienst Grindel f\u00fcr Seevetal Meckelfeld \u2705 24 Stunden Notdienst! Faire Preise. Tel. 040 \/ 44 79 85. Schl\u00fcsselnotdienst Meckelfeld.\" \/>\n<meta name=\"robots\" content=\"index, follow, max-snippet:-1, max-image-preview:large, max-video-preview:-1\" \/>\n<link rel=\"canonical\" href=\"https:\/\/www.schlossnotdienst-hamburg.de\/schluesseldienst-grindel\/schluesseldienst-seevetal-meckelfeld\/\" \/>\n<meta property=\"og:locale\" content=\"de_DE\" \/>\n<meta property=\"og:type\" content=\"article\" \/>\n<meta property=\"og:title\" content=\"Schl\u00fcsseldienst Seevetal Meckelfeld \u2705 Schl\u00fcsselnotdienst\" \/>\n<meta property=\"og:description\" content=\"Schl\u00fcsseldienst Grindel f\u00fcr Seevetal Meckelfeld \u2705 24 Stunden Notdienst! Faire Preise. Tel. 040 \/ 44 79 85. Schl\u00fcsselnotdienst Meckelfeld.\" \/>\n<meta property=\"og:url\" content=\"https:\/\/www.schlossnotdienst-hamburg.de\/schluesseldienst-grindel\/schluesseldienst-seevetal-meckelfeld\/\" \/>\n<meta property=\"og:site_name\" content=\"Schl\u00fcsseldienst Grindel\" \/>\n<meta property=\"article:modified_time\" content=\"2023-09-01T10:32:56+00:00\" \/>\n<meta property=\"og:image\" content=\"https:\/\/www.schlossnotdienst-hamburg.de\/schluesseldienst-grindel\/wp-content\/uploads\/glasdienstGrindelHamburg.jpg\" \/>\n<meta name=\"twitter:card\" content=\"summary_large_image\" \/>\n<meta name=\"twitter:label1\" content=\"Gesch\u00e4tzte Lesezeit\" \/>\n\t<meta name=\"twitter:data1\" content=\"3\u00a0Minuten\" \/>\n<script type=\"application\/ld+json\" class=\"yoast-schema-graph\">{\"@context\":\"https:\/\/schema.org\",\"@graph\":[{\"@type\":\"WebPage\",\"@id\":\"https:\/\/www.schlossnotdienst-hamburg.de\/schluesseldienst-grindel\/schluesseldienst-seevetal-meckelfeld\/\",\"url\":\"https:\/\/www.schlossnotdienst-hamburg.de\/schluesseldienst-grindel\/schluesseldienst-seevetal-meckelfeld\/\",\"name\":\"Schl\u00fcsseldienst Seevetal Meckelfeld \u2705 Schl\u00fcsselnotdienst\",\"isPartOf\":{\"@id\":\"https:\/\/www.schlossnotdienst-hamburg.de\/schluesseldienst-grindel\/#website\"},\"primaryImageOfPage\":{\"@id\":\"https:\/\/www.schlossnotdienst-hamburg.de\/schluesseldienst-grindel\/schluesseldienst-seevetal-meckelfeld\/#primaryimage\"},\"image\":{\"@id\":\"https:\/\/www.schlossnotdienst-hamburg.de\/schluesseldienst-grindel\/schluesseldienst-seevetal-meckelfeld\/#primaryimage\"},\"thumbnailUrl\":\"https:\/\/www.schlossnotdienst-hamburg.de\/schluesseldienst-grindel\/wp-content\/uploads\/glasdienstGrindelHamburg.jpg\",\"datePublished\":\"2023-09-01T10:17:53+00:00\",\"dateModified\":\"2023-09-01T10:32:56+00:00\",\"description\":\"Schl\u00fcsseldienst Grindel f\u00fcr Seevetal Meckelfeld \u2705 24 Stunden Notdienst! Faire Preise. Tel. 040 \/ 44 79 85. Schl\u00fcsselnotdienst Meckelfeld.\",\"breadcrumb\":{\"@id\":\"https:\/\/www.schlossnotdienst-hamburg.de\/schluesseldienst-grindel\/schluesseldienst-seevetal-meckelfeld\/#breadcrumb\"},\"inLanguage\":\"de\",\"potentialAction\":[{\"@type\":\"ReadAction\",\"target\":[\"https:\/\/www.schlossnotdienst-hamburg.de\/schluesseldienst-grindel\/schluesseldienst-seevetal-meckelfeld\/\"]}]},{\"@type\":\"ImageObject\",\"inLanguage\":\"de\",\"@id\":\"https:\/\/www.schlossnotdienst-hamburg.de\/schluesseldienst-grindel\/schluesseldienst-seevetal-meckelfeld\/#primaryimage\",\"url\":\"https:\/\/www.schlossnotdienst-hamburg.de\/schluesseldienst-grindel\/wp-content\/uploads\/glasdienstGrindelHamburg.jpg\",\"contentUrl\":\"https:\/\/www.schlossnotdienst-hamburg.de\/schluesseldienst-grindel\/wp-content\/uploads\/glasdienstGrindelHamburg.jpg\",\"width\":368,\"height\":250},{\"@type\":\"BreadcrumbList\",\"@id\":\"https:\/\/www.schlossnotdienst-hamburg.de\/schluesseldienst-grindel\/schluesseldienst-seevetal-meckelfeld\/#breadcrumb\",\"itemListElement\":[{\"@type\":\"ListItem\",\"position\":1,\"name\":\"Startseite\",\"item\":\"https:\/\/www.schlossnotdienst-hamburg.de\/schluesseldienst-grindel\/\"},{\"@type\":\"ListItem\",\"position\":2,\"name\":\"Schl\u00fcsseldienst Seevetal Meckelfeld\"}]},{\"@type\":\"WebSite\",\"@id\":\"https:\/\/www.schlossnotdienst-hamburg.de\/schluesseldienst-grindel\/#website\",\"url\":\"https:\/\/www.schlossnotdienst-hamburg.de\/schluesseldienst-grindel\/\",\"name\":\"Schl\u00fcsseldienst Grindel\",\"description\":\"\",\"potentialAction\":[{\"@type\":\"SearchAction\",\"target\":{\"@type\":\"EntryPoint\",\"urlTemplate\":\"https:\/\/www.schlossnotdienst-hamburg.de\/schluesseldienst-grindel\/?s={search_term_string}\"},\"query-input\":{\"@type\":\"PropertyValueSpecification\",\"valueRequired\":true,\"valueName\":\"search_term_string\"}}],\"inLanguage\":\"de\"}]}<\/script>\n<!-- \/ Yoast SEO plugin. -->","yoast_head_json":{"title":"Schl\u00fcsseldienst Seevetal Meckelfeld \u2705 Schl\u00fcsselnotdienst","description":"Schl\u00fcsseldienst Grindel f\u00fcr Seevetal Meckelfeld \u2705 24 Stunden Notdienst! Faire Preise. Tel. 040 \/ 44 79 85. Schl\u00fcsselnotdienst Meckelfeld.","robots":{"index":"index","follow":"follow","max-snippet":"max-snippet:-1","max-image-preview":"max-image-preview:large","max-video-preview":"max-video-preview:-1"},"canonical":"https:\/\/www.schlossnotdienst-hamburg.de\/schluesseldienst-grindel\/schluesseldienst-seevetal-meckelfeld\/","og_locale":"de_DE","og_type":"article","og_title":"Schl\u00fcsseldienst Seevetal Meckelfeld \u2705 Schl\u00fcsselnotdienst","og_description":"Schl\u00fcsseldienst Grindel f\u00fcr Seevetal Meckelfeld \u2705 24 Stunden Notdienst! Faire Preise. Tel. 040 \/ 44 79 85. Schl\u00fcsselnotdienst Meckelfeld.","og_url":"https:\/\/www.schlossnotdienst-hamburg.de\/schluesseldienst-grindel\/schluesseldienst-seevetal-meckelfeld\/","og_site_name":"Schl\u00fcsseldienst Grindel","article_modified_time":"2023-09-01T10:32:56+00:00","og_image":[{"url":"https:\/\/www.schlossnotdienst-hamburg.de\/schluesseldienst-grindel\/wp-content\/uploads\/glasdienstGrindelHamburg.jpg","type":"","width":"","height":""}],"twitter_card":"summary_large_image","twitter_misc":{"Gesch\u00e4tzte Lesezeit":"3\u00a0Minuten"},"schema":{"@context":"https:\/\/schema.org","@graph":[{"@type":"WebPage","@id":"https:\/\/www.schlossnotdienst-hamburg.de\/schluesseldienst-grindel\/schluesseldienst-seevetal-meckelfeld\/","url":"https:\/\/www.schlossnotdienst-hamburg.de\/schluesseldienst-grindel\/schluesseldienst-seevetal-meckelfeld\/","name":"Schl\u00fcsseldienst Seevetal Meckelfeld \u2705 Schl\u00fcsselnotdienst","isPartOf":{"@id":"https:\/\/www.schlossnotdienst-hamburg.de\/schluesseldienst-grindel\/#website"},"primaryImageOfPage":{"@id":"https:\/\/www.schlossnotdienst-hamburg.de\/schluesseldienst-grindel\/schluesseldienst-seevetal-meckelfeld\/#primaryimage"},"image":{"@id":"https:\/\/www.schlossnotdienst-hamburg.de\/schluesseldienst-grindel\/schluesseldienst-seevetal-meckelfeld\/#primaryimage"},"thumbnailUrl":"https:\/\/www.schlossnotdienst-hamburg.de\/schluesseldienst-grindel\/wp-content\/uploads\/glasdienstGrindelHamburg.jpg","datePublished":"2023-09-01T10:17:53+00:00","dateModified":"2023-09-01T10:32:56+00:00","description":"Schl\u00fcsseldienst Grindel f\u00fcr Seevetal Meckelfeld \u2705 24 Stunden Notdienst! Faire Preise. Tel. 040 \/ 44 79 85. Schl\u00fcsselnotdienst Meckelfeld.","breadcrumb":{"@id":"https:\/\/www.schlossnotdienst-hamburg.de\/schluesseldienst-grindel\/schluesseldienst-seevetal-meckelfeld\/#breadcrumb"},"inLanguage":"de","potentialAction":[{"@type":"ReadAction","target":["https:\/\/www.schlossnotdienst-hamburg.de\/schluesseldienst-grindel\/schluesseldienst-seevetal-meckelfeld\/"]}]},{"@type":"ImageObject","inLanguage":"de","@id":"https:\/\/www.schlossnotdienst-hamburg.de\/schluesseldienst-grindel\/schluesseldienst-seevetal-meckelfeld\/#primaryimage","url":"https:\/\/www.schlossnotdienst-hamburg.de\/schluesseldienst-grindel\/wp-content\/uploads\/glasdienstGrindelHamburg.jpg","contentUrl":"https:\/\/www.schlossnotdienst-hamburg.de\/schluesseldienst-grindel\/wp-content\/uploads\/glasdienstGrindelHamburg.jpg","width":368,"height":250},{"@type":"BreadcrumbList","@id":"https:\/\/www.schlossnotdienst-hamburg.de\/schluesseldienst-grindel\/schluesseldienst-seevetal-meckelfeld\/#breadcrumb","itemListElement":[{"@type":"ListItem","position":1,"name":"Startseite","item":"https:\/\/www.schlossnotdienst-hamburg.de\/schluesseldienst-grindel\/"},{"@type":"ListItem","position":2,"name":"Schl\u00fcsseldienst Seevetal Meckelfeld"}]},{"@type":"WebSite","@id":"https:\/\/www.schlossnotdienst-hamburg.de\/schluesseldienst-grindel\/#website","url":"https:\/\/www.schlossnotdienst-hamburg.de\/schluesseldienst-grindel\/","name":"Schl\u00fcsseldienst Grindel","description":"","potentialAction":[{"@type":"SearchAction","target":{"@type":"EntryPoint","urlTemplate":"https:\/\/www.schlossnotdienst-hamburg.de\/schluesseldienst-grindel\/?s={search_term_string}"},"query-input":{"@type":"PropertyValueSpecification","valueRequired":true,"valueName":"search_term_string"}}],"inLanguage":"de"}]}},"_links":{"self":[{"href":"https:\/\/www.schlossnotdienst-hamburg.de\/schluesseldienst-grindel\/wp-json\/wp\/v2\/pages\/209","targetHints":{"allow":["GET"]}}],"collection":[{"href":"https:\/\/www.schlossnotdienst-hamburg.de\/schluesseldienst-grindel\/wp-json\/wp\/v2\/pages"}],"about":[{"href":"https:\/\/www.schlossnotdienst-hamburg.de\/schluesseldienst-grindel\/wp-json\/wp\/v2\/types\/page"}],"author":[{"embeddable":true,"href":"https:\/\/www.schlossnotdienst-hamburg.de\/schluesseldienst-grindel\/wp-json\/wp\/v2\/users\/1"}],"replies":[{"embeddable":true,"href":"https:\/\/www.schlossnotdienst-hamburg.de\/schluesseldienst-grindel\/wp-json\/wp\/v2\/comments?post=209"}],"version-history":[{"count":3,"href":"https:\/\/www.schlossnotdienst-hamburg.de\/schluesseldienst-grindel\/wp-json\/wp\/v2\/pages\/209\/revisions"}],"predecessor-version":[{"id":212,"href":"https:\/\/www.schlossnotdienst-hamburg.de\/schluesseldienst-grindel\/wp-json\/wp\/v2\/pages\/209\/revisions\/212"}],"wp:attachment":[{"href":"https:\/\/www.schlossnotdienst-hamburg.de\/schluesseldienst-grindel\/wp-json\/wp\/v2\/media?parent=209"}],"curies":[{"name":"wp","href":"https:\/\/api.w.org\/{rel}","templated":true}]}}