{"id":198,"date":"2023-06-28T10:56:22","date_gmt":"2023-06-28T08:56:22","guid":{"rendered":"https:\/\/www.schlossnotdienst-hamburg.de\/schluesseldienst-grindel\/?page_id=198"},"modified":"2023-06-28T10:56:22","modified_gmt":"2023-06-28T08:56:22","slug":"fenstersicherheit-mit-fenstersicherungen","status":"publish","type":"page","link":"https:\/\/www.schlossnotdienst-hamburg.de\/schluesseldienst-grindel\/fenstersicherheit-mit-fenstersicherungen\/","title":{"rendered":"Fenstersicherheit mit Fenstersicherungen"},"content":{"rendered":"<h1>Fenstersicherheit mit Fenstersicherungen<\/h1>\n<p>Wussten Sie, dass Fenster und Terrassent\u00fcren die Haupteinstiegs\u00f6ffnungen bei Einbr\u00fcchen sind? Sowohl in gekipptem als auch in geschlossenem Zustand stellt ein handels\u00fcbliches Fenster im Regelfall kein besonderes Hindernis dar. Hinzu kommt die Unfallgefahr f\u00fcr Kleinkinder. Die durch solch ein Fenster leicht \u00f6ffnen und hinausst\u00fcrzen k\u00f6nnen. (Quelle: abus.de)<br \/>\nIn Zusammenarbeit mit der Firma ABUS bieten wir Ihnen eine ganze Reihe von Sicherungsma\u00dfnahmen.<\/p>\n<p><strong>Sprechen Sie uns zum Thema Fenstersicherheit und Fenstersicherungen an! Wir beraten Sie gerne bez\u00fcglich einer geeigneten L\u00f6sung.<\/strong><br \/>\n<a href=\"tel:+4940447985\"><font size=\"+4\">040 &#8211; 44 79 85<\/font><\/a><\/strong><br \/>\nWir beraten Sie gerne zu den Themen Einbruchsicherung und professionelle Schlie\u00dfanlagen.<br \/>\n<strong>Oder schreiben Sie uns eine E-Mail: <a href=\"mailto:info@sicherheitstechnik-grindel.de\">info@sicherheitstechnik-grindel.de<\/a><\/strong><\/p>\n<div class=\"clearer\"> <\/div>\n<h3>Mechanische Fenstersicherung und Fenstersicherheit<\/h3>\n<p>Ein Fensterzusatzschloss soll die bei einem Einbruchversuch entstehenden Kr\u00e4fte aufnehmen. Au\u00dferdem ein gewaltsames \u00d6ffnen der Fenster und Fenstert\u00fcren verhindern. Da f\u00fcr ein Fenster meist mehrere Schl\u00f6sser zum Einsatz kommen, ist der Bedienkomfort Ausschlag gebend f\u00fcr die sp\u00e4tere Nutzung.<\/p>\n<h3>Fenstersicherheit durch Scharnierseitensicherung<\/h3>\n<p>Ferner soll die Bandseitensicherung das Aufhebeln der Fenster auf der Bandseite verhindern. Eine automatische Verriegelung ist empfehlenswert. Da die Sicherungen meist von der Gardine oder Vorhang verdeckt sind und deshalb beim Verschluss vergessen werden. Wichtig ist weiter eine schmale aber stabile Bauweise. Erfahrungsgem\u00e4\u00df ist auf der Bandseite am wenigsten Platz vorhanden.<\/p>\n<h3>Fenstergriff-Schloss als Fenstersicherheit<\/h3>\n<p>Wirkungsvoll ohne gro\u00dfen Aufwand zu montieren sind Fenstergriff-Schl\u00f6sser. Sie bieten eine komfortable Kombination zwischen einem abschlie\u00dfbaren Fenstergriff und einem zus\u00e4tzlichen Fensterschloss. Durch einen Austausch des Fenstergriffes und Anbringen eines Schliesskastens wird der mechanische Widerstand gegen Aufheben deutlich erh\u00f6ht. Das Fenster wird mit einem einzigen Verriegelungsvorgang gleichzeitig geschlossen und gesichert. Folglich wird der Schutz vor Einbruch damit deutlich erh\u00f6ht.<\/p>\n<h3>Kellersch\u00e4chte<\/h3>\n<p>Gitterrostsicherung und Kellerschachtsicherung dienen der Sicherung von Lichtsch\u00e4chten vor unbefugtem Herausnehmen. Desweiteren beugen sie dem Einstieg durch das Kellerfenster vor. Ferner bieten sie so Schutz vor Einbruch an dieser Stelle. Abgesehen davon sollten Gitterrostsicherungen unzug\u00e4nglich befestigt und leicht zu montieren sein. Gerne beraten wir Sie in Hamburg Grindelallee dazu pers\u00f6nlich.<\/p>\n<p>Sie m\u00f6chten mehr \u00fcber unseren <strong>Glasnotdienst in Hamburg<\/strong> erfahren? Dann besuchen Sie uns doch auf <a href=\"https:\/\/www.schlossnotdienst-hamburg.de\/glasdienst-grindel\/\">www.glasdienst-grindel.de<\/a>.<\/p>\n","protected":false},"excerpt":{"rendered":"<p>Fenstersicherheit mit Fenstersicherungen Wussten Sie, dass Fenster und Terrassent\u00fcren die Haupteinstiegs\u00f6ffnungen bei Einbr\u00fcchen sind? Sowohl in gekipptem als auch in geschlossenem Zustand stellt ein handels\u00fcbliches Fenster im Regelfall kein besonderes Hindernis dar. Hinzu kommt die Unfallgefahr f\u00fcr Kleinkinder. Die durch solch ein Fenster leicht \u00f6ffnen und hinausst\u00fcrzen k\u00f6nnen. (Quelle: abus.de) In Zusammenarbeit mit der Firma &hellip; <a href=\"https:\/\/www.schlossnotdienst-hamburg.de\/schluesseldienst-grindel\/fenstersicherheit-mit-fenstersicherungen\/\" class=\"more-link\"><span class=\"screen-reader-text\">\u201eFenstersicherheit mit Fenstersicherungen\u201c<\/span> weiterlesen<\/a><\/p>\n","protected":false},"author":1,"featured_media":0,"parent":0,"menu_order":60,"comment_status":"closed","ping_status":"closed","template":"","meta":{"footnotes":""},"class_list":["post-198","page","type-page","status-publish","hentry"],"yoast_head":"<!-- This site is optimized with the Yoast SEO plugin v25.5 - https:\/\/yoast.com\/wordpress\/plugins\/seo\/ -->\n<title>Fenstersicherheit \u2705 24-h Glasnotdienst Grindel in Hamburg<\/title>\n<meta name=\"description\" content=\"Fenstersicherheit Hamburg \u2705 24 Stunden Notdienst! Tel. 040 \/ 44 79 85. Rund um die Uhr f\u00fcr Fenster- und Glas-Notf\u00e4lle erreichbar!\" \/>\n<meta name=\"robots\" content=\"index, follow, max-snippet:-1, max-image-preview:large, max-video-preview:-1\" \/>\n<link rel=\"canonical\" href=\"https:\/\/www.schlossnotdienst-hamburg.de\/schluesseldienst-grindel\/fenstersicherheit-mit-fenstersicherungen\/\" \/>\n<meta property=\"og:locale\" content=\"de_DE\" \/>\n<meta property=\"og:type\" content=\"article\" \/>\n<meta property=\"og:title\" content=\"Fenstersicherheit \u2705 24-h Glasnotdienst Grindel in Hamburg\" \/>\n<meta property=\"og:description\" content=\"Fenstersicherheit Hamburg \u2705 24 Stunden Notdienst! Tel. 040 \/ 44 79 85. Rund um die Uhr f\u00fcr Fenster- und Glas-Notf\u00e4lle erreichbar!\" \/>\n<meta property=\"og:url\" content=\"https:\/\/www.schlossnotdienst-hamburg.de\/schluesseldienst-grindel\/fenstersicherheit-mit-fenstersicherungen\/\" \/>\n<meta property=\"og:site_name\" content=\"Schl\u00fcsseldienst Grindel\" \/>\n<meta name=\"twitter:card\" content=\"summary_large_image\" \/>\n<script type=\"application\/ld+json\" class=\"yoast-schema-graph\">{\"@context\":\"https:\/\/schema.org\",\"@graph\":[{\"@type\":\"WebPage\",\"@id\":\"https:\/\/www.schlossnotdienst-hamburg.de\/schluesseldienst-grindel\/fenstersicherheit-mit-fenstersicherungen\/\",\"url\":\"https:\/\/www.schlossnotdienst-hamburg.de\/schluesseldienst-grindel\/fenstersicherheit-mit-fenstersicherungen\/\",\"name\":\"Fenstersicherheit \u2705 24-h Glasnotdienst Grindel in Hamburg\",\"isPartOf\":{\"@id\":\"https:\/\/www.schlossnotdienst-hamburg.de\/schluesseldienst-grindel\/#website\"},\"datePublished\":\"2023-06-28T08:56:22+00:00\",\"description\":\"Fenstersicherheit Hamburg \u2705 24 Stunden Notdienst! Tel. 040 \/ 44 79 85. Rund um die Uhr f\u00fcr Fenster- und Glas-Notf\u00e4lle erreichbar!\",\"breadcrumb\":{\"@id\":\"https:\/\/www.schlossnotdienst-hamburg.de\/schluesseldienst-grindel\/fenstersicherheit-mit-fenstersicherungen\/#breadcrumb\"},\"inLanguage\":\"de\",\"potentialAction\":[{\"@type\":\"ReadAction\",\"target\":[\"https:\/\/www.schlossnotdienst-hamburg.de\/schluesseldienst-grindel\/fenstersicherheit-mit-fenstersicherungen\/\"]}]},{\"@type\":\"BreadcrumbList\",\"@id\":\"https:\/\/www.schlossnotdienst-hamburg.de\/schluesseldienst-grindel\/fenstersicherheit-mit-fenstersicherungen\/#breadcrumb\",\"itemListElement\":[{\"@type\":\"ListItem\",\"position\":1,\"name\":\"Startseite\",\"item\":\"https:\/\/www.schlossnotdienst-hamburg.de\/schluesseldienst-grindel\/\"},{\"@type\":\"ListItem\",\"position\":2,\"name\":\"Fenstersicherheit mit Fenstersicherungen\"}]},{\"@type\":\"WebSite\",\"@id\":\"https:\/\/www.schlossnotdienst-hamburg.de\/schluesseldienst-grindel\/#website\",\"url\":\"https:\/\/www.schlossnotdienst-hamburg.de\/schluesseldienst-grindel\/\",\"name\":\"Schl\u00fcsseldienst Grindel\",\"description\":\"\",\"potentialAction\":[{\"@type\":\"SearchAction\",\"target\":{\"@type\":\"EntryPoint\",\"urlTemplate\":\"https:\/\/www.schlossnotdienst-hamburg.de\/schluesseldienst-grindel\/?s={search_term_string}\"},\"query-input\":{\"@type\":\"PropertyValueSpecification\",\"valueRequired\":true,\"valueName\":\"search_term_string\"}}],\"inLanguage\":\"de\"}]}<\/script>\n<!-- \/ Yoast SEO plugin. -->","yoast_head_json":{"title":"Fenstersicherheit \u2705 24-h Glasnotdienst Grindel in Hamburg","description":"Fenstersicherheit Hamburg \u2705 24 Stunden Notdienst! Tel. 040 \/ 44 79 85. Rund um die Uhr f\u00fcr Fenster- und Glas-Notf\u00e4lle erreichbar!","robots":{"index":"index","follow":"follow","max-snippet":"max-snippet:-1","max-image-preview":"max-image-preview:large","max-video-preview":"max-video-preview:-1"},"canonical":"https:\/\/www.schlossnotdienst-hamburg.de\/schluesseldienst-grindel\/fenstersicherheit-mit-fenstersicherungen\/","og_locale":"de_DE","og_type":"article","og_title":"Fenstersicherheit \u2705 24-h Glasnotdienst Grindel in Hamburg","og_description":"Fenstersicherheit Hamburg \u2705 24 Stunden Notdienst! Tel. 040 \/ 44 79 85. Rund um die Uhr f\u00fcr Fenster- und Glas-Notf\u00e4lle erreichbar!","og_url":"https:\/\/www.schlossnotdienst-hamburg.de\/schluesseldienst-grindel\/fenstersicherheit-mit-fenstersicherungen\/","og_site_name":"Schl\u00fcsseldienst Grindel","twitter_card":"summary_large_image","schema":{"@context":"https:\/\/schema.org","@graph":[{"@type":"WebPage","@id":"https:\/\/www.schlossnotdienst-hamburg.de\/schluesseldienst-grindel\/fenstersicherheit-mit-fenstersicherungen\/","url":"https:\/\/www.schlossnotdienst-hamburg.de\/schluesseldienst-grindel\/fenstersicherheit-mit-fenstersicherungen\/","name":"Fenstersicherheit \u2705 24-h Glasnotdienst Grindel in Hamburg","isPartOf":{"@id":"https:\/\/www.schlossnotdienst-hamburg.de\/schluesseldienst-grindel\/#website"},"datePublished":"2023-06-28T08:56:22+00:00","description":"Fenstersicherheit Hamburg \u2705 24 Stunden Notdienst! Tel. 040 \/ 44 79 85. Rund um die Uhr f\u00fcr Fenster- und Glas-Notf\u00e4lle erreichbar!","breadcrumb":{"@id":"https:\/\/www.schlossnotdienst-hamburg.de\/schluesseldienst-grindel\/fenstersicherheit-mit-fenstersicherungen\/#breadcrumb"},"inLanguage":"de","potentialAction":[{"@type":"ReadAction","target":["https:\/\/www.schlossnotdienst-hamburg.de\/schluesseldienst-grindel\/fenstersicherheit-mit-fenstersicherungen\/"]}]},{"@type":"BreadcrumbList","@id":"https:\/\/www.schlossnotdienst-hamburg.de\/schluesseldienst-grindel\/fenstersicherheit-mit-fenstersicherungen\/#breadcrumb","itemListElement":[{"@type":"ListItem","position":1,"name":"Startseite","item":"https:\/\/www.schlossnotdienst-hamburg.de\/schluesseldienst-grindel\/"},{"@type":"ListItem","position":2,"name":"Fenstersicherheit mit Fenstersicherungen"}]},{"@type":"WebSite","@id":"https:\/\/www.schlossnotdienst-hamburg.de\/schluesseldienst-grindel\/#website","url":"https:\/\/www.schlossnotdienst-hamburg.de\/schluesseldienst-grindel\/","name":"Schl\u00fcsseldienst Grindel","description":"","potentialAction":[{"@type":"SearchAction","target":{"@type":"EntryPoint","urlTemplate":"https:\/\/www.schlossnotdienst-hamburg.de\/schluesseldienst-grindel\/?s={search_term_string}"},"query-input":{"@type":"PropertyValueSpecification","valueRequired":true,"valueName":"search_term_string"}}],"inLanguage":"de"}]}},"_links":{"self":[{"href":"https:\/\/www.schlossnotdienst-hamburg.de\/schluesseldienst-grindel\/wp-json\/wp\/v2\/pages\/198","targetHints":{"allow":["GET"]}}],"collection":[{"href":"https:\/\/www.schlossnotdienst-hamburg.de\/schluesseldienst-grindel\/wp-json\/wp\/v2\/pages"}],"about":[{"href":"https:\/\/www.schlossnotdienst-hamburg.de\/schluesseldienst-grindel\/wp-json\/wp\/v2\/types\/page"}],"author":[{"embeddable":true,"href":"https:\/\/www.schlossnotdienst-hamburg.de\/schluesseldienst-grindel\/wp-json\/wp\/v2\/users\/1"}],"replies":[{"embeddable":true,"href":"https:\/\/www.schlossnotdienst-hamburg.de\/schluesseldienst-grindel\/wp-json\/wp\/v2\/comments?post=198"}],"version-history":[{"count":1,"href":"https:\/\/www.schlossnotdienst-hamburg.de\/schluesseldienst-grindel\/wp-json\/wp\/v2\/pages\/198\/revisions"}],"predecessor-version":[{"id":199,"href":"https:\/\/www.schlossnotdienst-hamburg.de\/schluesseldienst-grindel\/wp-json\/wp\/v2\/pages\/198\/revisions\/199"}],"wp:attachment":[{"href":"https:\/\/www.schlossnotdienst-hamburg.de\/schluesseldienst-grindel\/wp-json\/wp\/v2\/media?parent=198"}],"curies":[{"name":"wp","href":"https:\/\/api.w.org\/{rel}","templated":true}]}}