{"id":18,"date":"2023-05-29T16:05:25","date_gmt":"2023-05-29T14:05:25","guid":{"rendered":"https:\/\/www.schlossnotdienst-hamburg.de\/glasdienst-grindel\/?page_id=18"},"modified":"2023-08-16T10:47:21","modified_gmt":"2023-08-16T08:47:21","slug":"24h-glasnotdienst-hamburg","status":"publish","type":"page","link":"https:\/\/www.schlossnotdienst-hamburg.de\/glasdienst-grindel\/24h-glasnotdienst-hamburg\/","title":{"rendered":"24h-glasnotdienst-hamburg"},"content":{"rendered":"<h1>24h-Glasnotdienst Hamburg<\/h1>\n<p><img decoding=\"async\" src=\"https:\/\/www.schlossnotdienst-hamburg.de\/glasdienst-grindel\/wp-content\/uploads\/glasnotdienst-hamburg.gif\" alt=\"Glasnotdienst Hamburg\" \/><\/p>\n<p>Wir bieten unseren Kunden &#8211; und solchen die es werden wollen &#8211; einen 24 Stunden Glasnotdienst in Hamburg f\u00fcr Ihre Glassch\u00e4den.<\/p>\n<p>Rufen Sie uns an! Unser 24h-Notfallservice ist rund um die Uhr und an allen Wochentagen f\u00fcr Sie da. Wir kommen sofort.<\/p>\n<h3>Reparatur-Schnelldienst<\/h3>\n<p>Bei manchen Reparaturarbeiten muss schnell gehandelt werden. Haben Sie M\u00e4ngel an Ihrer Glasfront, Fensterscheibe oder an anderen Stellen entdeckt und ben\u00f6tigen schnelle Hilfe?<\/p>\n<p>Dann rufen Sie uns unter unserer 24-Stunden-Hotline an: <span class=\"keinumbruch\"><a href=\"tel:+4940447985\"><strong>040 &#8211; 44 79 85<\/strong><\/a><\/span><\/p>\n<h3>Glas-Notdienstservice<\/h3>\n<p>Jetzt m\u00fcssen Glassch\u00e4den an Fenstern und T\u00fcren, an Schaufenstern, Automatikt\u00fcren und Ganzglasanlagen kein Problem mehr sein. Unser Glas-Notdienst-Service hilft Ihnen rund um die Uhr im Gro\u00dfraum Hamburg. Wir bieten Ihnen einen schnellen, g\u00fcnstigen und professionellen Glaserei-Notdienst f\u00fcr Alu-Fenster, Kunststofffenster und Holzfenster in Sonderma\u00dfen und Standardgr\u00f6\u00dfen an. F\u00fcr die g\u00fcnstige Reparatur Ihrer Einfach-, Doppelglas- und auch 3-fach verglaste Fenster-Verglasung rufen Sie einfach an. Danach sind unsere kompetetenten Handwerker schon bald bei Ihnen vor Ort in Hamburg.  Dann helfen wir Ihnen bei allen Arten und Marken von Fenstern, bspw. Fenster von WERU, Roto, Veka, Rehau, Rekord, Pax oder Internorm. Ihr Fenster-Notdienst erneuert und repariert auch Dachfenster, Kellerfenster, Sprossenfenster, Schiebefenster oder Schallschutzfenster. Unsere Glaser sind auf den professionellen und schnellen Einbau von Fenstern spezialisiert. So dass Ihnen unn\u00f6tige Wartezeiten und Kosten erspart bleiben. Sie sehen, unsere Glaserei Hamburg ist der richtige Ansprechpartner f\u00fcr alle Arten von kaputten Fenstern oder Glas-Problemen.<\/p>\n<p><img decoding=\"async\" src=\"https:\/\/www.schlossnotdienst-hamburg.de\/glasdienst-grindel\/wp-content\/uploads\/Glasnotdienst20.jpg\" alt=\"Glasnotdienst\" \/><\/p>\n<p>Ihr Glas-Notdienst Grindel in Hamburg ist Experte f\u00fcr jeden Glas-Schaden und Glasbruch bei Fenster, Schaufenster und T\u00fcren in in erstklassiger Handwerksqualit\u00e4t. 24 Stunden am Tag! Auch an Wochenenden und Feiertagen! Notieren Sie sich auf jeden Fall am besten direkt unsere Telefonnummer. Und zwar um im Falle des Falles nicht lange nach einem kompetenten Glaser suchen zu m\u00fcssen.  <\/p>\n<p>Rufen Sie uns an: <span class=\\\"keinumbruch\\\"><a href=\\\"tel:+4940447985\\\"><strong>040 &#8211; 44 79 85<\/strong><\/a><\/span><br \/>\ne-Mail: <strong><a href=\\\"mailto:info@sicherheitstechnik-grindel.de\\\">info@sicherheitstechnik-grindel.de<\/a><\/strong><\/p>\n<p>Weiterhin empfehlen wir Ihnen den folgenden Notdienst f\u00fcr T\u00e4tigkeiten in anderen Aufgabengebieten:<br \/>\n<a href=\"http:\/\/www.schluesseldienst-grindel.de\/\">www.schluesseldienst-grindel.de<\/a> -> der Schl\u00fcsseldienst in Hamburg<\/p>\n","protected":false},"excerpt":{"rendered":"<p>24h-Glasnotdienst Hamburg Wir bieten unseren Kunden &#8211; und solchen die es werden wollen &#8211; einen 24 Stunden Glasnotdienst in Hamburg f\u00fcr Ihre Glassch\u00e4den. Rufen Sie uns an! Unser 24h-Notfallservice ist rund um die Uhr und an allen Wochentagen f\u00fcr Sie da. Wir kommen sofort. Reparatur-Schnelldienst Bei manchen Reparaturarbeiten muss schnell gehandelt werden. Haben Sie M\u00e4ngel &hellip; <a href=\"https:\/\/www.schlossnotdienst-hamburg.de\/glasdienst-grindel\/24h-glasnotdienst-hamburg\/\" class=\"more-link\"><span class=\"screen-reader-text\">\u201e24h-glasnotdienst-hamburg\u201c<\/span> weiterlesen<\/a><\/p>\n","protected":false},"author":1,"featured_media":0,"parent":0,"menu_order":10,"comment_status":"closed","ping_status":"closed","template":"","meta":{"footnotes":""},"class_list":["post-18","page","type-page","status-publish","hentry"],"yoast_head":"<!-- This site is optimized with the Yoast SEO plugin v23.1 - https:\/\/yoast.com\/wordpress\/plugins\/seo\/ -->\n<title>24 Stunden Glasnotdienst in Hamburg<\/title>\n<meta name=\"description\" content=\"24 Stunden Glasnotdienst in Hamburg f\u00fcr Ihre Glassch\u00e4den. Glasdienst Grindel aus Hamburg. Telefon: 040 - 44 79 85\" \/>\n<meta name=\"robots\" content=\"index, follow, max-snippet:-1, max-image-preview:large, max-video-preview:-1\" \/>\n<link rel=\"canonical\" href=\"https:\/\/www.schlossnotdienst-hamburg.de\/glasdienst-grindel\/24h-glasnotdienst-hamburg\/\" \/>\n<meta property=\"og:locale\" content=\"de_DE\" \/>\n<meta property=\"og:type\" content=\"article\" \/>\n<meta property=\"og:title\" content=\"24 Stunden Glasnotdienst in Hamburg\" \/>\n<meta property=\"og:description\" content=\"24 Stunden Glasnotdienst in Hamburg f\u00fcr Ihre Glassch\u00e4den. Glasdienst Grindel aus Hamburg. Telefon: 040 - 44 79 85\" \/>\n<meta property=\"og:url\" content=\"https:\/\/www.schlossnotdienst-hamburg.de\/glasdienst-grindel\/24h-glasnotdienst-hamburg\/\" \/>\n<meta property=\"og:site_name\" content=\"Glasdienst Grindel\" \/>\n<meta property=\"article:modified_time\" content=\"2023-08-16T08:47:21+00:00\" \/>\n<meta property=\"og:image\" content=\"https:\/\/www.schlossnotdienst-hamburg.de\/glasdienst-grindel\/wp-content\/uploads\/glasnotdienst-hamburg.gif\" \/>\n<meta name=\"twitter:card\" content=\"summary_large_image\" \/>\n<meta name=\"twitter:label1\" content=\"Gesch\u00e4tzte Lesezeit\" \/>\n\t<meta name=\"twitter:data1\" content=\"3\u00a0Minuten\" \/>\n<script type=\"application\/ld+json\" class=\"yoast-schema-graph\">{\"@context\":\"https:\/\/schema.org\",\"@graph\":[{\"@type\":\"WebPage\",\"@id\":\"https:\/\/www.schlossnotdienst-hamburg.de\/glasdienst-grindel\/24h-glasnotdienst-hamburg\/\",\"url\":\"https:\/\/www.schlossnotdienst-hamburg.de\/glasdienst-grindel\/24h-glasnotdienst-hamburg\/\",\"name\":\"24 Stunden Glasnotdienst in Hamburg\",\"isPartOf\":{\"@id\":\"https:\/\/www.schlossnotdienst-hamburg.de\/glasdienst-grindel\/#website\"},\"primaryImageOfPage\":{\"@id\":\"https:\/\/www.schlossnotdienst-hamburg.de\/glasdienst-grindel\/24h-glasnotdienst-hamburg\/#primaryimage\"},\"image\":{\"@id\":\"https:\/\/www.schlossnotdienst-hamburg.de\/glasdienst-grindel\/24h-glasnotdienst-hamburg\/#primaryimage\"},\"thumbnailUrl\":\"https:\/\/www.schlossnotdienst-hamburg.de\/glasdienst-grindel\/wp-content\/uploads\/glasnotdienst-hamburg.gif\",\"datePublished\":\"2023-05-29T14:05:25+00:00\",\"dateModified\":\"2023-08-16T08:47:21+00:00\",\"description\":\"24 Stunden Glasnotdienst in Hamburg f\u00fcr Ihre Glassch\u00e4den. Glasdienst Grindel aus Hamburg. Telefon: 040 - 44 79 85\",\"breadcrumb\":{\"@id\":\"https:\/\/www.schlossnotdienst-hamburg.de\/glasdienst-grindel\/24h-glasnotdienst-hamburg\/#breadcrumb\"},\"inLanguage\":\"de\",\"potentialAction\":[{\"@type\":\"ReadAction\",\"target\":[\"https:\/\/www.schlossnotdienst-hamburg.de\/glasdienst-grindel\/24h-glasnotdienst-hamburg\/\"]}]},{\"@type\":\"ImageObject\",\"inLanguage\":\"de\",\"@id\":\"https:\/\/www.schlossnotdienst-hamburg.de\/glasdienst-grindel\/24h-glasnotdienst-hamburg\/#primaryimage\",\"url\":\"https:\/\/www.schlossnotdienst-hamburg.de\/glasdienst-grindel\/wp-content\/uploads\/glasnotdienst-hamburg.gif\",\"contentUrl\":\"https:\/\/www.schlossnotdienst-hamburg.de\/glasdienst-grindel\/wp-content\/uploads\/glasnotdienst-hamburg.gif\",\"width\":580,\"height\":177},{\"@type\":\"BreadcrumbList\",\"@id\":\"https:\/\/www.schlossnotdienst-hamburg.de\/glasdienst-grindel\/24h-glasnotdienst-hamburg\/#breadcrumb\",\"itemListElement\":[{\"@type\":\"ListItem\",\"position\":1,\"name\":\"Startseite\",\"item\":\"https:\/\/www.schlossnotdienst-hamburg.de\/glasdienst-grindel\/\"},{\"@type\":\"ListItem\",\"position\":2,\"name\":\"24h-glasnotdienst-hamburg\"}]},{\"@type\":\"WebSite\",\"@id\":\"https:\/\/www.schlossnotdienst-hamburg.de\/glasdienst-grindel\/#website\",\"url\":\"https:\/\/www.schlossnotdienst-hamburg.de\/glasdienst-grindel\/\",\"name\":\"Glasdienst Grindel\",\"description\":\"\",\"potentialAction\":[{\"@type\":\"SearchAction\",\"target\":{\"@type\":\"EntryPoint\",\"urlTemplate\":\"https:\/\/www.schlossnotdienst-hamburg.de\/glasdienst-grindel\/?s={search_term_string}\"},\"query-input\":\"required name=search_term_string\"}],\"inLanguage\":\"de\"}]}<\/script>\n<!-- \/ Yoast SEO plugin. -->","yoast_head_json":{"title":"24 Stunden Glasnotdienst in Hamburg","description":"24 Stunden Glasnotdienst in Hamburg f\u00fcr Ihre Glassch\u00e4den. Glasdienst Grindel aus Hamburg. Telefon: 040 - 44 79 85","robots":{"index":"index","follow":"follow","max-snippet":"max-snippet:-1","max-image-preview":"max-image-preview:large","max-video-preview":"max-video-preview:-1"},"canonical":"https:\/\/www.schlossnotdienst-hamburg.de\/glasdienst-grindel\/24h-glasnotdienst-hamburg\/","og_locale":"de_DE","og_type":"article","og_title":"24 Stunden Glasnotdienst in Hamburg","og_description":"24 Stunden Glasnotdienst in Hamburg f\u00fcr Ihre Glassch\u00e4den. Glasdienst Grindel aus Hamburg. Telefon: 040 - 44 79 85","og_url":"https:\/\/www.schlossnotdienst-hamburg.de\/glasdienst-grindel\/24h-glasnotdienst-hamburg\/","og_site_name":"Glasdienst Grindel","article_modified_time":"2023-08-16T08:47:21+00:00","og_image":[{"url":"https:\/\/www.schlossnotdienst-hamburg.de\/glasdienst-grindel\/wp-content\/uploads\/glasnotdienst-hamburg.gif"}],"twitter_card":"summary_large_image","twitter_misc":{"Gesch\u00e4tzte Lesezeit":"3\u00a0Minuten"},"schema":{"@context":"https:\/\/schema.org","@graph":[{"@type":"WebPage","@id":"https:\/\/www.schlossnotdienst-hamburg.de\/glasdienst-grindel\/24h-glasnotdienst-hamburg\/","url":"https:\/\/www.schlossnotdienst-hamburg.de\/glasdienst-grindel\/24h-glasnotdienst-hamburg\/","name":"24 Stunden Glasnotdienst in Hamburg","isPartOf":{"@id":"https:\/\/www.schlossnotdienst-hamburg.de\/glasdienst-grindel\/#website"},"primaryImageOfPage":{"@id":"https:\/\/www.schlossnotdienst-hamburg.de\/glasdienst-grindel\/24h-glasnotdienst-hamburg\/#primaryimage"},"image":{"@id":"https:\/\/www.schlossnotdienst-hamburg.de\/glasdienst-grindel\/24h-glasnotdienst-hamburg\/#primaryimage"},"thumbnailUrl":"https:\/\/www.schlossnotdienst-hamburg.de\/glasdienst-grindel\/wp-content\/uploads\/glasnotdienst-hamburg.gif","datePublished":"2023-05-29T14:05:25+00:00","dateModified":"2023-08-16T08:47:21+00:00","description":"24 Stunden Glasnotdienst in Hamburg f\u00fcr Ihre Glassch\u00e4den. Glasdienst Grindel aus Hamburg. Telefon: 040 - 44 79 85","breadcrumb":{"@id":"https:\/\/www.schlossnotdienst-hamburg.de\/glasdienst-grindel\/24h-glasnotdienst-hamburg\/#breadcrumb"},"inLanguage":"de","potentialAction":[{"@type":"ReadAction","target":["https:\/\/www.schlossnotdienst-hamburg.de\/glasdienst-grindel\/24h-glasnotdienst-hamburg\/"]}]},{"@type":"ImageObject","inLanguage":"de","@id":"https:\/\/www.schlossnotdienst-hamburg.de\/glasdienst-grindel\/24h-glasnotdienst-hamburg\/#primaryimage","url":"https:\/\/www.schlossnotdienst-hamburg.de\/glasdienst-grindel\/wp-content\/uploads\/glasnotdienst-hamburg.gif","contentUrl":"https:\/\/www.schlossnotdienst-hamburg.de\/glasdienst-grindel\/wp-content\/uploads\/glasnotdienst-hamburg.gif","width":580,"height":177},{"@type":"BreadcrumbList","@id":"https:\/\/www.schlossnotdienst-hamburg.de\/glasdienst-grindel\/24h-glasnotdienst-hamburg\/#breadcrumb","itemListElement":[{"@type":"ListItem","position":1,"name":"Startseite","item":"https:\/\/www.schlossnotdienst-hamburg.de\/glasdienst-grindel\/"},{"@type":"ListItem","position":2,"name":"24h-glasnotdienst-hamburg"}]},{"@type":"WebSite","@id":"https:\/\/www.schlossnotdienst-hamburg.de\/glasdienst-grindel\/#website","url":"https:\/\/www.schlossnotdienst-hamburg.de\/glasdienst-grindel\/","name":"Glasdienst Grindel","description":"","potentialAction":[{"@type":"SearchAction","target":{"@type":"EntryPoint","urlTemplate":"https:\/\/www.schlossnotdienst-hamburg.de\/glasdienst-grindel\/?s={search_term_string}"},"query-input":"required name=search_term_string"}],"inLanguage":"de"}]}},"_links":{"self":[{"href":"https:\/\/www.schlossnotdienst-hamburg.de\/glasdienst-grindel\/wp-json\/wp\/v2\/pages\/18","targetHints":{"allow":["GET"]}}],"collection":[{"href":"https:\/\/www.schlossnotdienst-hamburg.de\/glasdienst-grindel\/wp-json\/wp\/v2\/pages"}],"about":[{"href":"https:\/\/www.schlossnotdienst-hamburg.de\/glasdienst-grindel\/wp-json\/wp\/v2\/types\/page"}],"author":[{"embeddable":true,"href":"https:\/\/www.schlossnotdienst-hamburg.de\/glasdienst-grindel\/wp-json\/wp\/v2\/users\/1"}],"replies":[{"embeddable":true,"href":"https:\/\/www.schlossnotdienst-hamburg.de\/glasdienst-grindel\/wp-json\/wp\/v2\/comments?post=18"}],"version-history":[{"count":9,"href":"https:\/\/www.schlossnotdienst-hamburg.de\/glasdienst-grindel\/wp-json\/wp\/v2\/pages\/18\/revisions"}],"predecessor-version":[{"id":75,"href":"https:\/\/www.schlossnotdienst-hamburg.de\/glasdienst-grindel\/wp-json\/wp\/v2\/pages\/18\/revisions\/75"}],"wp:attachment":[{"href":"https:\/\/www.schlossnotdienst-hamburg.de\/glasdienst-grindel\/wp-json\/wp\/v2\/media?parent=18"}],"curies":[{"name":"wp","href":"https:\/\/api.w.org\/{rel}","templated":true}]}}